e -j + 8 = o, 190*o = -3*j + 194*o + 38. Let u(y) be the third derivative of 3/2*y**3 + 3/20*y**5 + 3/8*y**4 - 6*y**2 - 1/120*y**6 + 0*y + 0. Give u(j).
-1
Let n(k) = k**2 - 55*k + 485. Let c be (-5 + 452/20)/((-40)/(-100)). Give n(c).
1
Let d(k) = -8*k**3 - 2*k**2 - 89*k - 88. Let t be d(-1). Let w(v) = -19*v + 138. Calculate w(t).
5
Let w(r) be the first derivative of r**2 - 28*r - 918. Calculate w(21).
14
Suppose -16*m - 2133 = 138*m + 177. Let r(h) = -h - 41. Calculate r(m).
-26
Let p(j) = -8*j - 11. Let g be p(-9). Let x = -330 + 454. Let c(z) = x*z - 61*z + 3 - g*z. What is c(-4)?
-5
Let g(c) = c**2 - 12*c + 38. Suppose 0 = -6*r + 8*r + h - 5, -3*r + 36 = -8*h. What is g(r)?
6
Let j(z) = 2*z**3 + 2*z**2 + 13*z + 23. Let x(d) = -d**3 + 4*d**2 + 24*d + 62. Let a be x(8). Give j(a).
-11
Let m be (0 + 2)/(51/(-13) - 192/(-48)). Let a(w) = w**2 - 26*w + 3. Give a(m).
3
Let z(u) = 2*u**2 + 4*u + 7. Let s(p) = 6*p**2 + 12*p + 20. Let q(j) = 6*s(j) - 17*z(j). Let l(y) = 2*y + 8. Let n = 197 + -203. Let k be l(n). Give q(k).
17
Let r(c) = 1 + 9*c + 0 - 14. Let j be 6*(0 + 1) + -437 + 436. Let s(f) = 14*f - 20. Let i(x) = j*s(x) - 8*r(x). Give i(5).
-6
Let n(z) be the first derivative of -z**4/4 + 14*z**3/3 + 2*z**2 + 16*z + 4125. What is n(14)?
72
Let l = 585 + -900. Let s be ((-22)/18 - -1) + 875/l. Let g(o) = -5*o - 7. Give g(s).
8
Suppose 5*z - 5426*l + 5425*l + 19 = 0, 0 = 4*z - 2*l + 20. Let g(q) = -94*q - 288. Determine g(z).
-6
Let l(u) = -26*u + 217. Let q be l(8). Let v(c) = -c**3 + 9*c**2 + 4*c - 7. Give v(q).
29
Let o(t) be the third derivative of -1/60*t**5 - 13*t**2 + 0 + t**3 + 0*t + 1/3*t**4. What is o(7)?
13
Let l(d) = d**3 - 8*d**2 - 4*d - 22. Suppose 4*p + 15*g - 11*g = 24, -4*g - 30 = -2*p. Calculate l(p).
23
Let t be (1842/9)/((-8)/(-12)). Let g(f) = -t*f + 5 + 151*f + 155*f. What is g(3)?
2
Let d(m) be the second derivative of -m**3/6 - 13*m**2/2 + 1001*m. Give d(-26).
13
Let q = 285 + -263. Suppose 0 = -12*x + x - q. Let o(p) = 3*p + 3. Determine o(x).
-3
Let n(v) be the second derivative of v**4/12 - v**3/2 - 13*v**2/2 + 1167*v. Calculate n(6).
5
Let q(l) = -27 + 93*l - 198*l - l**2 - 17 + 119*l + 5. Determine q(13).
-26
Let p(y) be the second derivative of -y**4/12 + 5*y**3/6 - 3*y**2 + y. Suppose -59*u + 2640 = 520*u + 81*u. Calculate p(u).
-2
Let c(f) = -11*f**3 - 3*f**2 - 2*f + 1. Let w = 47 + -45. Let m(u) = -23*u**3 - 7*u**2 - 5*u + 2. Let l(g) = w*m(g) - 5*c(g). Determine l(-1).
-9
Suppose 33*q - 5*q = 168. Let k(g) = -9 + 0*g + 16 - 2*g - 5 - q*g. Determine k(-3).
26
Let t(u) = 15*u**3 - u**2 + 4*u - 3. Let y(k) = -2*k**3 - 15*k**2 - 8*k - 314. Let l be y(-9). Calculate t(l).
15
Let v(i) = 116*i. Let d be v(0). Let n(x) = x**2 - 3*x - 34. What is n(d)?
-34
Let f be (-8 + 16 - 15)/(2/(-2)). Let x(l) be the third derivative of l**4/12 - l**3 + 23*l**2. What is x(f)?
8
Let y(i) = 36*i + 29. Let s(x) = 35*x + 18. Let v(c) = 4*s(c) - 3*y(c). Determine v(-2).
-79
Suppose -62*y + 67*y - 15 = 30. Let d(u) = 4*u - 39. Calculate d(y).
-3
Let j(m) = m**3 + 14*m**2 + 13*m + 8. Suppose 4*l + 10 - 138 = 0. Let b = l + -45. What is j(b)?
8
Let p(h) = h**3 - 16*h**2 - 19*h - 2. Suppose 5*k = 10*k - 85. Let l be p(k). Let f = 42 + l. Let o(i) = -2*i**2 + 9*i - 3. Calculate o(f).
-21
Let i(q) be the second derivative of q**5/20 - 7*q**4/12 + q**3/6 + 5*q**2 - 15*q + 40. What is i(5)?
-35
Let s(r) = -4 - 565*r**2 - 47*r + 572*r**2 + 34*r - 3*r**3 + 2*r**3. Give s(7).
-95
Suppose 0 = -5*m - 7*d + 115, -46*m + 41*m + 4*d = -170. Let g(i) = i**2 - 24*i - 168. Calculate g(m).
12
Let s be ((-18)/12)/(2/(-4)). Suppose 2*f + 38 = -4*a, -s*a = a + 5*f + 47. Let t = -11 - a. Let u(y) = -y**3 - 3*y**2 - 2*y. Determine u(t).
6
Let f = 119 - 125. Let m be (0 + f + 0)*(-60)/(-90). Let x(z) = z**2 + 3*z. Give x(m).
4
Let k = -6 + 3. Let c(z) = -4*z + 7 - 10 - 21*z**2 - 2*z + 20*z**2. Determine c(k).
6
Let j(f) = f + 3. Suppose 552*b - 586*b + 136 = 0. Let h be 82/6 - (-2)/6. Suppose h = -2*l + b. Determine j(l).
-2
Let d(s) = -4*s**2 + 6. Let q be d(3). Let r = -23 - q. Let u(i) = -7 + 16*i + 8*i + 12*i - 34*i. Calculate u(r).
7
Let g(w) be the third derivative of w**6/120 - 3*w**5/20 + w**4/3 + 19*w**3/6 - 2*w**2 - 10658*w. What is g(7)?
-23
Suppose 91 = 5*w + 76. Let n(l) = -1449 + 10*l**3 + 2*l**w + 1448 - l**2 + 2*l. What is n(1)?
12
Let r(y) = y**3 + 5*y**2 - 7*y - 30. Let f be r(-5). Suppose -h = 2*s, 2*s + 0*h = f*h + 24. Let n(v) = -v**3 + 6*v**2 - 4*v + 3. Give n(s).
11
Let z(x) be the first derivative of -x**4 - x**2/2 - 82*x + 36. Let l(b) be the first derivative of z(b). Calculate l(1).
-13
Suppose -789 = 3*t - 804. Let v(s) = s**2 + 5*s - 54. Let r be v(t). Let k(u) = u**2 + u. Calculate k(r).
12
Suppose 267*x - 6 = 266*x, 0 = -5*v + 2*x - 92. Let n(i) = 9*i + 146. Calculate n(v).
2
Let a(l) = 2 + 36*l**2 + 41*l**2 - 76*l**2 - 9. Let u(o) be the first derivative of -2*o**3/3 - o**2/2 + 13*o + 1. Let x(k) = -11*a(k) - 6*u(k). What is x(-7)?
6
Let y(q) = -q**3 - 4*q**2 + 3*q + 1. Suppose 3*h - 4*r = -0*h - 43, -4*h + 2*r - 64 = 0. Let s = h + 21. Let n = s + -8. Give y(n).
-11
Suppose -2*o = -7*o - 60. Let c be 16/(-6) + 4/o. Let n(r) = 7*r - 4. Let k(v) = -18*v + 9. Let a(z) = 4*k(z) + 10*n(z). Calculate a(c).
2
Let y = 18861 - 18860. Let g(c) = 3*c + 1 + 3*c - 10*c**2 - 7*c. Calculate g(y).
-10
Let y(w) = -w**2 + 3*w + 5. Let i be y(5). Let b(x) = -x**2 + 323*x - 15 + 2*x**2 - 317*x + 14. Determine b(i).
-6
Let b(r) = 4 - 9*r**2 + 1290*r - 1288*r - 4 + 1 + 48*r**2. Determine b(-1).
38
Let t(p) = p**3 - 7*p**2 + 20. Let h(y) = -17*y - 505. Let g be h(-30). Determine t(g).
-30
Let s(h) = 2*h + 1. Let w(q) = 3*q + 1. Let a(o) = 2*s(o) - w(o). Let g = -35 - -67. Suppose -3*k - g = -2*b, 0 = k - 2*k - 5*b + 12. Give a(k).
-7
Let j(c) = c**2 - 6*c + 3. Let s(k) be the second derivative of k**3/3 - 65*k**2/2 - 29*k. Let q be s(19). Let d = q - -33. What is j(d)?
3
Let g(k) = 10*k**3 - 2*k**2 + 6*k - 4. Let n be g(2). Suppose -79*t + n*t = 24. Suppose 3*y + t = -3*y. Let o(a) = -3*a**2 - 5*a + 1. Determine o(y).
-27
Let d(x) = x**2 - 4*x - 8. Let w be d(10). Suppose w = -r + 54. Let h(i) = 4*i**3 - 2*i**2. Give h(r).
24
Let n(u) = -12*u - 11. Let g(m) be the second derivative of 5*m**3/6 + 5*m**2/2 - 20*m + 1. Let d(p) = 5*g(p) + 2*n(p). Calculate d(9).
12
Let i(x) = 3*x - 2. Suppose 5*k = 5*d - 3*d - 39, 3*d - 21 = -5*k. Let l be 1/(4/342) - d/24. Let f = -81 + l. Calculate i(f).
10
Let o = -2663 - -2662. Let r(q) = -13*q**3 - 2*q**2 + 2*q + 2. Determine r(o).
11
Let k(d) be the third derivative of -d**6/120 - d**5/3 - 85*d**4/24 - 17*d**3/6 + 6*d**2 - 93*d. What is k(-14)?
-3
Let j(f) be the third derivative of -28*f**2 + 0*f + 3/8*f**4 + 7/6*f**3 - 2 + 1/60*f**5. Determine j(-9).
7
Suppose -t + 43 = -8*r - 6, -r - t = 14. Let w(j) = -8*j - 66. What is w(r)?
-10
Let s(f) = -f**2 + 6*f + 5. Let c(k) be the second derivative of k**5/20 + 7*k**4/12 + k**3 + 3*k**2 - 2*k. Let b = 14 + -20. Let d be c(b). Give s(d).
5
Let f be (-192)/168 + (-1)/21*-3. Let q(r) be the first derivative of -5*r**4 + 1 + 4*r**4 + 2*r - r. Determine q(f).
5
Let k(s) = s**2 - 26*s - 57. Suppose 45 + 37 = 3*r - z, 0 = 4*r - 4*z - 104. Let c be k(r). Let l(p) = 23*p**3 + p**2 + 2*p + 1. Give l(c).
-23
Let x(w) = -w. Let r(b) = 7*b - 18. Let j be r(3). Suppose -1 = -n - j. Let p(q) = -q. Let m(t) = n*p(t) + 4*x(t). What is m(3)?
-6
Let b(i) = -2*i**2 - 9*i - 42. Let g(q) = -q**2 - 9*q - 33. Let f(h) = 2*b(h) - 3*g(h). Let c be -1*3/(-3)*11. Let n = 22 - c. What is f(n)?
-7
Let p be (684/54 - 4 - 10)/((-1)/(-3)). Let z(u) = u**2 + 6*u + 2. Calculate z(p).
-6
Suppose 0 = 38*w + 67*w. Let d(l) be the third derivative of 0*l - 1/24*l**4 - 3*l**2 + 5/6*l**3 + w. Give d(5).
0
Suppose 35*s - 460 = 25*s. Let o(a) = -s*a**2 + 5 - 10*a + 0 + 47*a**2. Determine o(8).
-11
Let p(d) = 14*d - 4. Let f be ((-77)/(-7) - 12)/(-4 + 3). Determine p(f).
10
Suppose -2*g = -2, -2*g = 5*b + 2 + 1. Let o(n) = 14 + 13*n**3 - 67 - 4*n**3 + 15 + 23 + n + 17. Give o(b).
-8
Let d(t) = 3*t**2 - 77*t - 39. Let n be (-9*(-728)/(-252))/(1 + -2). Give d(n).
-13
Let y(z) = 21*z**2 + z - 2*z + 21*z**2 - 41*z**2. Suppose 0 = 6*m - 5 - 25. Let g(p) = p**3 + 10*p**2 + p + 2. Let c(b) = m*y(b) - g(b). Calcu